re the prime factors of 105276363?
3, 67, 523763
What are the prime factors of 328975419?
3, 47, 293, 7963
What are the prime factors of 2501012909?
197, 12695497
List the prime factors of 87994621.
11, 13, 37, 16631
List the prime factors of 44864696.
2, 47, 119321
List the prime factors of 180997566.
2, 3, 30166261
List the prime factors of 743559006.
2, 3, 137, 904573
List the prime factors of 294469504.
2, 7, 43, 7643
List the prime factors of 63376210.
2, 5, 19, 47, 151
What are the prime factors of 437127518?
2, 1249, 174991
What are the prime factors of 27419417?
27419417
List the prime factors of 49113079.
131, 374909
What are the prime factors of 82450755?
3, 5, 1832239
List the prime factors of 3091500028.
2, 14207, 54401
What are the prime factors of 694873317?
3, 17, 307, 44381
What are the prime factors of 172059564?
2, 3, 14338297
List the prime factors of 39123695.
5, 13, 601903
What are the prime factors of 5293475589?
3, 17, 29, 241, 14851
List the prime factors of 3275919830.
2, 5, 327591983
What are the prime factors of 471487556?
2, 31, 3802319
What are the prime factors of 4237183167?
3, 7, 201770627
What are the prime factors of 879253591?
23, 38228417
What are the prime factors of 527578225?
5, 19, 1039, 1069
List the prime factors of 33540378.
2, 3, 41, 136343
List the prime factors of 3800583.
3, 422287
List the prime factors of 337300701.
3, 107, 1050781
List the prime factors of 3304656991.
3304656991
What are the prime factors of 1756403482?
2, 878201741
List the prime factors of 41902111.
31, 439, 3079
What are the prime factors of 3312256840?
2, 5, 82806421
What are the prime factors of 2275406676?
2, 3, 47, 127, 10589
What are the prime factors of 135422113?
101, 499, 2687
List the prime factors of 2221086536.
2, 157, 1768381
List the prime factors of 744020411.
19, 39158969
List the prime factors of 95812505.
5, 89, 215309
List the prime factors of 154561476.
2, 3, 157, 82039
What are the prime factors of 700215739?
14369, 48731
List the prime factors of 2577402116.
2, 17207, 37447
List the prime factors of 6386304528.
2, 3, 4297, 10321
List the prime factors of 543168187.
543168187
List the prime factors of 5400247151.
13, 29, 31, 462073
What are the prime factors of 38197367?
13, 59, 49801
List the prime factors of 51824923.
51824923
List the prime factors of 141243244.
2, 35310811
What are the prime factors of 119005822?
2, 13, 4577147
What are the prime factors of 2009645297?
11, 373, 489799
List the prime factors of 451397611.
7, 19, 3393967
What are the prime factors of 2215662822?
2, 3, 168851
What are the prime factors of 1117060645?
5, 271, 824399
List the prime factors of 48608193.
3, 113, 143387
What are the prime factors of 3937729710?
2, 3, 5, 179, 733283
What are the prime factors of 27353423?
523, 52301
List the prime factors of 2458917859.
17, 29, 4987663
List the prime factors of 3919936239.
3, 2293, 189947
What are the prime factors of 601245269?
5821, 103289
What are the prime factors of 724968732?
2, 3, 60414061
What are the prime factors of 642375793?
1259, 510227
List the prime factors of 40706251.
23, 43, 79, 521
What are the prime factors of 4677994472?
2, 23, 479, 53077
List the prime factors of 546258607.
19, 83, 346391
List the prime factors of 1153867630.
2, 5, 115386763
What are the prime factors of 1460829848?
2, 233, 783707
List the prime factors of 150686889.
3, 50228963
List the prime factors of 201213517.
201213517
What are the prime factors of 328086844?
2, 37, 2216803
What are the prime factors of 16267236?
2, 3, 61, 71, 313
What are the prime factors of 49197267?
3, 7, 149, 1747
List the prime factors of 141443707.
1789, 79063
What are the prime factors of 3419960?
2, 5, 193, 443
List the prime factors of 221231252.
2, 11, 31, 241, 673
What are the prime factors of 3767808439?
47, 251, 319387
What are the prime factors of 459629616?
2, 3, 1237, 7741
What are the prime factors of 1052966152?
2, 7, 2791, 6737
What are the prime factors of 453874282?
2, 61, 509, 7309
What are the prime factors of 177778698?
2, 3, 2971, 9973
List the prime factors of 3037272985.
5, 1217, 499141
What are the prime factors of 87012208?
2, 5438263
List the prime factors of 2014308479.
103, 19556393
What are the prime factors of 163007566?
2, 81503783
What are the prime factors of 548066929?
548066929
List the prime factors of 119597341.
1973, 60617
What are the prime factors of 42050838?
2, 3, 19, 61, 6047
List the prime factors of 371827803.
3, 123942601
What are the prime factors of 3671434372?
2, 19, 37, 173, 7547
What are the prime factors of 1165109512?
2, 7, 83, 439, 571
What are the prime factors of 931549304?
2, 7, 103, 161503
What are the prime factors of 350017389?
3, 12963607
What are the prime factors of 202472892?
2, 3, 19, 79, 1249
List the prime factors of 288096666.
2, 3, 11, 13, 23, 1123
What are the prime factors of 59760521?
53, 1127557
List the prime factors of 2898655752.
2, 3, 120777323
List the prime factors of 2032987515.
3, 5, 13, 53, 196709
What are the prime factors of 556135635?
3, 5, 11, 89, 37871
List the prime factors of 37470782.
2, 59, 103, 3083
List the prime factors of 325272894.
2, 3, 19, 31, 92041
List the prime factors of 521487105.
3, 5, 719, 48353
List the prime factors of 16722108.
2, 3, 13, 35731
List the prime factors of 3278961329.
7, 4139, 113173
What are the prime factors of 1302473826?
2, 3, 19, 3808403
What are the prime factors of 44159814?
2, 3, 911, 2693
What are the prime factors of 22102571?
22102571
List the prime factors of 241389676.
2, 11, 498739
What are the prime factors of 87676941?
3, 11, 2656877
List the prime factors of 38222438.
2, 2417, 7907
What are the prime factors of 860217832?
2, 673, 159773
What are the prime factors of 1560103175?
5, 17, 1901, 1931
What are the prime factors of 16602918?
2, 3, 23, 31, 3881
What are the prime factors of 1291155374?
2, 19, 3559, 9547
What are the prime factors of 243978068?
2, 131, 353, 1319
What are the prime factors of 263703236?
2, 31, 2126639
What are the prime factors of 1703067477?
3, 567689159
What are the prime factors of 180489670?
2, 5, 18048967
What are the prime factors of 370979303?
2879, 128857
What are the prime factors of 77916740?
2, 5, 11, 2927
List the prime factors of 5335394.
2, 191, 13967
What are the prime factors of 25947656?
2, 7, 37, 1789
What are the prime factors of 24871532?
2, 7, 19, 46751
List the prime factors of 3432394613.
5381, 637873
List the prime factors of 27540876.
2, 3, 11, 37, 5639
List the prime factors of 4370793384.
2, 3, 307, 593213
What are the prime factors of 830287185?
3, 5, 7, 13, 608269
List the prime factors of 474486658.
2, 19, 2137, 5843
List the prime factors of 3225137.
3225137
List the prime factors of 219049727.
13, 19, 127, 6983
List the prime factors of 360508448.
2, 11265889
What are the prime factors of 525245999?
29, 18111931
What are the prime factors of 3604378204?
2, 7, 19, 59, 114833
What are the prime factors of 150678148?
2, 1381, 27277
List the prime factors of 39784774.
2, 19892387
List the prime factors of 6929556.
2, 3, 577463
What are the prime factors of 82936771?
82936771
List the prime factors of 184323967.
184323967
List the prime factors of 89845727.
67, 1340981
What are the prime factors of 359391400?
2, 5, 619, 2903
List the prime factors of 51930385.
5, 13, 798929
List the prime factors of 2280273769.
97, 487, 48271
List the prime factors of 46848728.
2, 5856091
What are the prime factors of 472261728?
2, 3, 4919393
List the prime factors of 1073453194.
2, 11, 23, 192859
What are the prime factors of 244003002?
2, 3, 71, 572777
What are the prime factors of 4653227484?
2, 3, 129256319
List the prime factors of 2259361541.
491, 4601551
List the prime factors of 133791227.
97, 1379291
List the prime factors of 472959169.
61, 7753429
What are the prime factors of 87761335?
5, 17552267
List the prime factors of 11285932.
2, 7, 107, 3767
What are the prime factors of 1257416303?
11, 13, 8793121
What are the prime factors of 530317395?
3, 5, 67, 58631
List the prime factors of 4919410678.
2, 7, 13, 59, 97, 4723
What are the prime factors of 35756535?
3, 5, 619, 3851
What are the prime factors of 118692269?
89, 133362